{"id":933,"date":"2016-03-31T11:51:41","date_gmt":"2016-03-31T09:51:41","guid":{"rendered":"http:\/\/schule-doehrnstrasse.hamburg.de\/?page_id=933"},"modified":"2026-02-12T09:53:43","modified_gmt":"2026-02-12T08:53:43","slug":"leitung","status":"publish","type":"page","link":"https:\/\/schule-doehrnstrasse.hamburg.de\/?page_id=933","title":{"rendered":"Leitung"},"content":{"rendered":"<p style=\"text-align: justify\">Als Ansprechpartner f\u00fcr die Nachmittagsbetreuung, Fr\u00fch- und Sp\u00e4tdienst sowie Ferienzeiten stehen wir Ihnen w\u00e4hrend der Sprechstunde im GBS-B\u00fcro gern zur Verf\u00fcgung.<\/p>\n<div class=\"contact_info\"><\/div>\n<div>\n<div class=\"columl_contact\">\n<div class=\"contact_info\">Tobias Barwikowski<br \/>\n<b>Standortleitung ETV KiJu<\/b><br \/>\nD\u00f6hrnstra\u00dfe 42, 22529 Hamburg<br \/>\nE-Mail:\u00a0<a href=\"mailto:tbarwikowski@etv-hamburg.de\">tbarwikowski@etv-hamburg.de<\/a><br \/>\nTelefon:\u00a0<a href=\"tel:00494054808606\">+49 40 54808606<\/a><\/div>\n<div>\n<hr \/>\n<\/div>\n<\/div>\n<div class=\"columl_contact\">\n<div class=\"contact_info\">Dennis Klobedanz<br \/>\n<b>stellv. Standortleitung ETV KiJu<\/b><br \/>\nD\u00f6hrnstra\u00dfe 42, 22529 Hamburg<br \/>\nE-Mail:\u00a0<a href=\"mailto:dklobedanz@etv-hamburg.de\">dklobedanz@etv-hamburg.de<\/a><br \/>\nTelefon:\u00a0<a href=\"tel:00494054808606\">+49 40 54808606<\/a><\/div>\n<div>\n<hr \/>\n<\/div>\n<\/div>\n<\/div>\n<p><strong>Funktionspostfach:<\/strong> \u00a0<a href=\"mailto:doehrnstrasse@etv-hamburg.de\">doehrnstrasse@etv-hamburg.de<\/a><\/p>\n<hr \/>\n<p style=\"text-align: justify\">F\u00fcr Kritik, Anmerkungen sowie neue Ideen\u00a0sind wir\u00a0offen und reflektieren diese gern mit Ihnen.<\/p>\n<p><a href=\"https:\/\/www.etv-hamburg.de\/de\/schulen\/grundschulen\/grundschule-doehrnstrasse\/\">zur ETV-Seite<\/a><\/p>\n<p>&nbsp;<\/p>\n","protected":false},"excerpt":{"rendered":"<p>Als Ansprechpartner f\u00fcr die Nachmittagsbetreuung, Fr\u00fch- und Sp\u00e4tdienst sowie Ferienzeiten stehen wir Ihnen w\u00e4hrend der Sprechstunde im GBS-B\u00fcro gern zur Verf\u00fcgung. Tobias Barwikowski Standortleitung ETV KiJu D\u00f6hrnstra\u00dfe 42, 22529 Hamburg E-Mail:\u00a0tbarwikowski@etv-hamburg.de Telefon:\u00a0+49 40 54808606 Dennis Klobedanz stellv. Standortleitung ETV KiJu D\u00f6hrnstra\u00dfe 42, 22529 Hamburg E-Mail:\u00a0dklobedanz@etv-hamburg.de Telefon:\u00a0+49 40 54808606 Funktionspostfach: \u00a0doehrnstrasse@etv-hamburg.de F\u00fcr Kritik, Anmerkungen sowie neue &hellip; <\/p>\n<p class=\"link-more\"><a href=\"https:\/\/schule-doehrnstrasse.hamburg.de\/?page_id=933\" class=\"more-link\"><span class=\"screen-reader-text\">\u201eLeitung\u201c <\/span>weiterlesen<\/a><\/p>\n","protected":false},"author":564,"featured_media":0,"parent":0,"menu_order":0,"comment_status":"closed","ping_status":"closed","template":"","meta":{"_acf_changed":false,"footnotes":""},"class_list":["post-933","page","type-page","status-publish","hentry"],"acf":[],"_links":{"self":[{"href":"https:\/\/schule-doehrnstrasse.hamburg.de\/index.php?rest_route=\/wp\/v2\/pages\/933","targetHints":{"allow":["GET"]}}],"collection":[{"href":"https:\/\/schule-doehrnstrasse.hamburg.de\/index.php?rest_route=\/wp\/v2\/pages"}],"about":[{"href":"https:\/\/schule-doehrnstrasse.hamburg.de\/index.php?rest_route=\/wp\/v2\/types\/page"}],"author":[{"embeddable":true,"href":"https:\/\/schule-doehrnstrasse.hamburg.de\/index.php?rest_route=\/wp\/v2\/users\/564"}],"replies":[{"embeddable":true,"href":"https:\/\/schule-doehrnstrasse.hamburg.de\/index.php?rest_route=%2Fwp%2Fv2%2Fcomments&post=933"}],"version-history":[{"count":19,"href":"https:\/\/schule-doehrnstrasse.hamburg.de\/index.php?rest_route=\/wp\/v2\/pages\/933\/revisions"}],"predecessor-version":[{"id":7224,"href":"https:\/\/schule-doehrnstrasse.hamburg.de\/index.php?rest_route=\/wp\/v2\/pages\/933\/revisions\/7224"}],"wp:attachment":[{"href":"https:\/\/schule-doehrnstrasse.hamburg.de\/index.php?rest_route=%2Fwp%2Fv2%2Fmedia&parent=933"}],"curies":[{"name":"wp","href":"https:\/\/api.w.org\/{rel}","templated":true}]}}