{"id":448,"date":"2014-12-11T10:15:02","date_gmt":"2014-12-11T08:15:02","guid":{"rendered":"http:\/\/schule-doehrnstrasse.schulhomepages.hamburg.de\/?page_id=448"},"modified":"2022-09-20T11:57:55","modified_gmt":"2022-09-20T09:57:55","slug":"standort-unserer-schule-2","status":"publish","type":"page","link":"https:\/\/schule-doehrnstrasse.hamburg.de\/?page_id=448","title":{"rendered":"Anfahrt zur Schule"},"content":{"rendered":"<h5><a title=\"Bild in voller Gr\u00f6\u00dfe anzeigen\">\u00a0<\/a><\/h5>\n<div class=\"left image_thumb\">\n<p><a title=\"Bild in voller Gr\u00f6\u00dfe anzeigen\"> <br class=\"clear\" \/><\/a><a href=\"https:\/\/schule-doehrnstrasse.hamburg.de\/wp-content\/uploads\/sites\/63\/2014\/12\/Skizze.png\" rel=\"attachment wp-att-887\"><img loading=\"lazy\" decoding=\"async\" class=\"alignnone size-medium wp-image-887\" src=\"https:\/\/schule-doehrnstrasse.hamburg.de\/wp-content\/uploads\/sites\/63\/2014\/12\/Skizze-300x269.png\" alt=\"Skizze\" width=\"300\" height=\"269\" srcset=\"https:\/\/schule-doehrnstrasse.hamburg.de\/wp-content\/uploads\/sites\/63\/2014\/12\/Skizze-300x269.png 300w, https:\/\/schule-doehrnstrasse.hamburg.de\/wp-content\/uploads\/sites\/63\/2014\/12\/Skizze.png 438w\" sizes=\"auto, (max-width: 300px) 100vw, 300px\" \/><\/a><\/p>\n<h5 class=\"left image_text\"><a title=\"Bild in voller Gr\u00f6\u00dfe anzeigen\">Anfahrt<\/a><\/h5>\n<\/div>\n<p class=\"maintext\">Wie Sie uns erreichen:<br \/>\nUnsere Schule ist mit der U-Bahn (Linie 2) oder den Bussen 181, 281, 22, 391 ebenso wie mit dem Metrobus 5 oder dem\u00a0 Schnellbus 39 zu erreichen.<\/p>\n<p class=\"maintext\">Adresse unserer Schule:<br \/>\nD\u00f6hrnstra\u00dfe 42<br \/>\n22529 Hamburg<\/p>\n<p>&nbsp;<\/p>\n<div><\/div>\n<h5><a title=\"Bild in voller Gr\u00f6\u00dfe anzeigen\">Come arrivare<\/a><\/h5>\n<p>la nostra scuola \u00e8 ben collegata al centro citt\u00e0 grazie alla metropolitana U-Bahn (Linie 2), alle linee di bus 181, 281, 22, 391, al Metrobus 5 e allo Schnellbus 39.<\/p>\n<div class=\"maintext\">Indirizzo della scuola:<\/div>\n<div class=\"maintext\">D\u00f6hrnstra\u00dfe 42<\/div>\n<div class=\"maintext\">22529 Amburgo<\/div>\n","protected":false},"excerpt":{"rendered":"<p>\u00a0 Anfahrt Wie Sie uns erreichen: Unsere Schule ist mit der U-Bahn (Linie 2) oder den Bussen 181, 281, 22, 391 ebenso wie mit dem Metrobus 5 oder dem\u00a0 Schnellbus 39 zu erreichen. Adresse unserer Schule: D\u00f6hrnstra\u00dfe 42 22529 Hamburg &nbsp; Come arrivare la nostra scuola \u00e8 ben collegata al centro citt\u00e0 grazie alla metropolitana &hellip; <\/p>\n<p class=\"link-more\"><a href=\"https:\/\/schule-doehrnstrasse.hamburg.de\/?page_id=448\" class=\"more-link\"><span class=\"screen-reader-text\">\u201eAnfahrt zur Schule\u201c <\/span>weiterlesen<\/a><\/p>\n","protected":false},"author":86,"featured_media":0,"parent":0,"menu_order":0,"comment_status":"closed","ping_status":"closed","template":"","meta":{"_acf_changed":false,"footnotes":""},"class_list":["post-448","page","type-page","status-publish","hentry"],"acf":[],"_links":{"self":[{"href":"https:\/\/schule-doehrnstrasse.hamburg.de\/index.php?rest_route=\/wp\/v2\/pages\/448","targetHints":{"allow":["GET"]}}],"collection":[{"href":"https:\/\/schule-doehrnstrasse.hamburg.de\/index.php?rest_route=\/wp\/v2\/pages"}],"about":[{"href":"https:\/\/schule-doehrnstrasse.hamburg.de\/index.php?rest_route=\/wp\/v2\/types\/page"}],"author":[{"embeddable":true,"href":"https:\/\/schule-doehrnstrasse.hamburg.de\/index.php?rest_route=\/wp\/v2\/users\/86"}],"replies":[{"embeddable":true,"href":"https:\/\/schule-doehrnstrasse.hamburg.de\/index.php?rest_route=%2Fwp%2Fv2%2Fcomments&post=448"}],"version-history":[{"count":4,"href":"https:\/\/schule-doehrnstrasse.hamburg.de\/index.php?rest_route=\/wp\/v2\/pages\/448\/revisions"}],"predecessor-version":[{"id":4082,"href":"https:\/\/schule-doehrnstrasse.hamburg.de\/index.php?rest_route=\/wp\/v2\/pages\/448\/revisions\/4082"}],"wp:attachment":[{"href":"https:\/\/schule-doehrnstrasse.hamburg.de\/index.php?rest_route=%2Fwp%2Fv2%2Fmedia&parent=448"}],"curies":[{"name":"wp","href":"https:\/\/api.w.org\/{rel}","templated":true}]}}