{"id":438,"date":"2014-12-11T10:02:46","date_gmt":"2014-12-11T08:02:46","guid":{"rendered":"http:\/\/schule-doehrnstrasse.schulhomepages.hamburg.de\/?page_id=438"},"modified":"2014-12-11T10:02:46","modified_gmt":"2014-12-11T08:02:46","slug":"bewegte-schule","status":"publish","type":"page","link":"https:\/\/schule-doehrnstrasse.hamburg.de\/?page_id=438","title":{"rendered":"Bewegte Schule"},"content":{"rendered":"<p><img loading=\"lazy\" decoding=\"async\" class=\"attachment-post-thumbnail aligncenter\" src=\"https:\/\/schule-doehrnstrasse.hamburg.de\/wp-content\/uploads\/sites\/63\/2014\/12\/Logo-Bewegte-Schule.jpg\" alt=\"Bewegte Schule\" width=\"200\" height=\"200\" \/><\/p>\n<p style=\"text-align: justify\">Seit November 2014 tr\u00e4gt die Grundschule D\u00f6hrnstra\u00dfe das Pr\u00e4dikat \u201eBewegte Schule\u201c.<\/p>\n<p style=\"text-align: justify\">Dabei zeichnet sich die Bewegte Schule durch ein Konzept der Bewegungsf\u00f6rderung aus, das u. a. die schulischen R\u00e4ume bewegungsfreundlich gestaltet und Bewegung auch in den Sitzunterricht integriert. Unsere Schule wurde von der BBS zertifiziert.<br \/>\nEs geht uns auch darum, die innere Bewegung zu aktivieren, denn innere Bewegung geht \u00e4u\u00dferer Bewegung voraus. Diese Bewegung muss alle erreichen, vor allem die Lehrerinnen und Lehrer, um das System Schule in Bewegung zu bringen.<\/p>\n<p style=\"text-align: justify\">Schule in Bewegung zu bringen hei\u00dft f\u00fcr uns, Schule zu ver\u00e4ndern durch eine kind-, lehrer- und lerngerechte Rhythmisierung des Unterrichts, durch bewegtes und selbstt\u00e4tiges Lernen, durch bewegte Pausen.<\/p>\n","protected":false},"excerpt":{"rendered":"<p>Seit November 2014 tr\u00e4gt die Grundschule D\u00f6hrnstra\u00dfe das Pr\u00e4dikat \u201eBewegte Schule\u201c. Dabei zeichnet sich die Bewegte Schule durch ein Konzept der Bewegungsf\u00f6rderung aus, das u. a. die schulischen R\u00e4ume bewegungsfreundlich gestaltet und Bewegung auch in den Sitzunterricht integriert. Unsere Schule wurde von der BBS zertifiziert. Es geht uns auch darum, die innere Bewegung zu aktivieren, &hellip; <\/p>\n<p class=\"link-more\"><a href=\"https:\/\/schule-doehrnstrasse.hamburg.de\/?page_id=438\" class=\"more-link\"><span class=\"screen-reader-text\">\u201eBewegte Schule\u201c <\/span>weiterlesen<\/a><\/p>\n","protected":false},"author":86,"featured_media":0,"parent":0,"menu_order":0,"comment_status":"open","ping_status":"open","template":"","meta":{"_acf_changed":false,"footnotes":""},"class_list":["post-438","page","type-page","status-publish","hentry"],"acf":[],"_links":{"self":[{"href":"https:\/\/schule-doehrnstrasse.hamburg.de\/index.php?rest_route=\/wp\/v2\/pages\/438","targetHints":{"allow":["GET"]}}],"collection":[{"href":"https:\/\/schule-doehrnstrasse.hamburg.de\/index.php?rest_route=\/wp\/v2\/pages"}],"about":[{"href":"https:\/\/schule-doehrnstrasse.hamburg.de\/index.php?rest_route=\/wp\/v2\/types\/page"}],"author":[{"embeddable":true,"href":"https:\/\/schule-doehrnstrasse.hamburg.de\/index.php?rest_route=\/wp\/v2\/users\/86"}],"replies":[{"embeddable":true,"href":"https:\/\/schule-doehrnstrasse.hamburg.de\/index.php?rest_route=%2Fwp%2Fv2%2Fcomments&post=438"}],"version-history":[{"count":0,"href":"https:\/\/schule-doehrnstrasse.hamburg.de\/index.php?rest_route=\/wp\/v2\/pages\/438\/revisions"}],"wp:attachment":[{"href":"https:\/\/schule-doehrnstrasse.hamburg.de\/index.php?rest_route=%2Fwp%2Fv2%2Fmedia&parent=438"}],"curies":[{"name":"wp","href":"https:\/\/api.w.org\/{rel}","templated":true}]}}