{"id":3216,"date":"2022-03-08T17:49:29","date_gmt":"2022-03-08T15:49:29","guid":{"rendered":"https:\/\/schule-doehrnstrasse.hamburg.de\/?page_id=3216"},"modified":"2026-04-15T16:13:01","modified_gmt":"2026-04-15T14:13:01","slug":"impressum","status":"publish","type":"page","link":"https:\/\/schule-doehrnstrasse.hamburg.de\/?page_id=3216","title":{"rendered":"Impressum"},"content":{"rendered":"<div><\/div>\n<div><a href=\"https:\/\/schule-doehrnstrasse.hamburg.de\/wp-content\/uploads\/sites\/63\/2022\/08\/Logo_SD_cmyksdfgsdff.jpg\"><img loading=\"lazy\" decoding=\"async\" class=\"size-medium wp-image-3842 alignnone\" src=\"https:\/\/schule-doehrnstrasse.hamburg.de\/wp-content\/uploads\/sites\/63\/2022\/08\/Logo_SD_cmyksdfgsdff-300x166.jpg\" alt=\"\" width=\"300\" height=\"166\" srcset=\"https:\/\/schule-doehrnstrasse.hamburg.de\/wp-content\/uploads\/sites\/63\/2022\/08\/Logo_SD_cmyksdfgsdff-300x166.jpg 300w, https:\/\/schule-doehrnstrasse.hamburg.de\/wp-content\/uploads\/sites\/63\/2022\/08\/Logo_SD_cmyksdfgsdff-768x426.jpg 768w, https:\/\/schule-doehrnstrasse.hamburg.de\/wp-content\/uploads\/sites\/63\/2022\/08\/Logo_SD_cmyksdfgsdff.jpg 903w\" sizes=\"auto, (max-width: 300px) 100vw, 300px\" \/><\/a><\/div>\n<div>Schule D\u00f6hrnstra\u00dfe<br \/>\nmit deutsch-italienischem Zweig<\/div>\n<div><\/div>\n<div>D\u00f6hrnstra\u00dfe 42<br \/>\n22529 Hamburg<br \/>\n<a href=\"tel:04042896250\">Tel.:+49-40 &#8211; 4289625- 0<\/a><\/p>\n<\/div>\n<p>E-Mail: <a href=\"mailto:Bettina.Kuehl@bsfb.hamburg.de\" target=\"_blank\" rel=\"noopener\"> schule-doehrnstrasse@bsfb.hamburg.de\u00a0<\/a><\/p>\n<p><strong>Schulleitung<br \/>\n<\/strong>Frau Patricia M\u00fcller<\/p>\n<p><strong>Schulsekretariat<\/strong><br \/>\nFrau K\u00fchl<\/p>\n<div><strong>Schultr\u00e4ger<\/strong><br \/>\nBeh\u00f6rde f\u00fcr Schule, Familie und Berufsbildung (BSFB)<br \/>\nHamburger Stra\u00dfe 31<br \/>\n22083 Hamburg<\/div>\n<p><a href=\"tel:040428630\">Telefon: 040\/428 63 0<\/a><\/p>\n<p>&nbsp;<\/p>\n<p>&nbsp;<\/p>\n<p><b>Haftungsausschluss:<\/b><\/p>\n<p><b>Haftung f\u00fcr Links<\/b><\/p>\n<p>F\u00fcr die Inhalte der verlinkten Seiten ist stets der jeweilige Anbieter oder Betreiber der Seiten verantwortlich. Die verlinkten Seiten wurden zum Zeitpunkt der Verlinkung auf m\u00f6gliche Rechtsverst\u00f6\u00dfe \u00fcberpr\u00fcft. Rechtswidrige Inhalte waren zum Zeitpunkt der Verlinkung nicht erkennbar. Eine permanente inhaltliche Kontrolle der verlinkten Seiten ist jedoch ohne konkrete Anhaltspunkte einer Rechtsverletzung nicht zumutbar. Bei Bekanntwerden von Rechtsverletzungen werden wir derartige Links umgehend entfernen.<\/p>\n<p><b>Datenschutz<\/b><\/p>\n<p>Die Nutzung unserer Webseite ist ohne Angabe personenbezogener Daten m\u00f6glich. Soweit auf unseren Seiten personenbezogene Daten (beispielsweise Name, Anschrift oder E-Mail-Adressen) erhoben werden, erfolgt dies, soweit m\u00f6glich, stets auf freiwilliger Basis. Diese Daten werden ohne Ihre ausdr\u00fcckliche Zustimmung nicht an Dritte weitergegeben.<\/p>\n<p>Der Nutzung von im Rahmen der Impressumspflicht ver\u00f6ffentlichten Kontaktdaten durch Dritte zur \u00dcbersendung von nicht ausdr\u00fccklich angeforderter Werbung und Informationsmaterialien wird hiermit ausdr\u00fccklich widersprochen. Die Betreiber der Seiten behalten sich ausdr\u00fccklich rechtliche Schritte im Falle der unverlangten Zusendung von Werbeinformationen, etwa durch Spam-Mails, vor.<\/p>\n<p style=\"text-align: justify\">1. Diensteanbieter: Freie und Hansestadt Hamburg<\/p>\n<p style=\"text-align: justify\">2. Schulleitung und verantwortlich f\u00fcr die HP: Patricia M\u00fcller<\/p>\n<p style=\"text-align: justify\">3. Webmaster: i.V. Silke Ba\u00dfin<br \/>\nVerantwortlicher f\u00fcr den GBS-Bereich: Tobias Barwikowski<\/p>\n<p style=\"text-align: justify\">4. Fotos mit Copyright: Britta Buddeberg<\/p>\n<p>&nbsp;<\/p>\n","protected":false},"excerpt":{"rendered":"<p>Schule D\u00f6hrnstra\u00dfe mit deutsch-italienischem Zweig D\u00f6hrnstra\u00dfe 42 22529 Hamburg Tel.:+49-40 &#8211; 4289625- 0 E-Mail: schule-doehrnstrasse@bsfb.hamburg.de\u00a0 Schulleitung Frau Patricia M\u00fcller Schulsekretariat Frau K\u00fchl Schultr\u00e4ger Beh\u00f6rde f\u00fcr Schule, Familie und Berufsbildung (BSFB) Hamburger Stra\u00dfe 31 22083 Hamburg Telefon: 040\/428 63 0 &nbsp; &nbsp; Haftungsausschluss: Haftung f\u00fcr Links F\u00fcr die Inhalte der verlinkten Seiten ist stets der jeweilige &hellip; <\/p>\n<p class=\"link-more\"><a href=\"https:\/\/schule-doehrnstrasse.hamburg.de\/?page_id=3216\" class=\"more-link\"><span class=\"screen-reader-text\">\u201eImpressum\u201c <\/span>weiterlesen<\/a><\/p>\n","protected":false},"author":1559,"featured_media":0,"parent":0,"menu_order":0,"comment_status":"closed","ping_status":"closed","template":"","meta":{"_acf_changed":false,"footnotes":""},"class_list":["post-3216","page","type-page","status-publish","hentry"],"acf":[],"_links":{"self":[{"href":"https:\/\/schule-doehrnstrasse.hamburg.de\/index.php?rest_route=\/wp\/v2\/pages\/3216","targetHints":{"allow":["GET"]}}],"collection":[{"href":"https:\/\/schule-doehrnstrasse.hamburg.de\/index.php?rest_route=\/wp\/v2\/pages"}],"about":[{"href":"https:\/\/schule-doehrnstrasse.hamburg.de\/index.php?rest_route=\/wp\/v2\/types\/page"}],"author":[{"embeddable":true,"href":"https:\/\/schule-doehrnstrasse.hamburg.de\/index.php?rest_route=\/wp\/v2\/users\/1559"}],"replies":[{"embeddable":true,"href":"https:\/\/schule-doehrnstrasse.hamburg.de\/index.php?rest_route=%2Fwp%2Fv2%2Fcomments&post=3216"}],"version-history":[{"count":19,"href":"https:\/\/schule-doehrnstrasse.hamburg.de\/index.php?rest_route=\/wp\/v2\/pages\/3216\/revisions"}],"predecessor-version":[{"id":7301,"href":"https:\/\/schule-doehrnstrasse.hamburg.de\/index.php?rest_route=\/wp\/v2\/pages\/3216\/revisions\/7301"}],"wp:attachment":[{"href":"https:\/\/schule-doehrnstrasse.hamburg.de\/index.php?rest_route=%2Fwp%2Fv2%2Fmedia&parent=3216"}],"curies":[{"name":"wp","href":"https:\/\/api.w.org\/{rel}","templated":true}]}}